 4*y - 5. Let d = 2 + -8. Let r be p(d). What is the tens digit of 1/1 + r + -3?
1
Suppose 3*n + 1113 = h, 2*n + 2*h + 681 + 61 = 0. Let l = 573 + n. What is the units digit of l?
2
Let h(y) be the first derivative of -7*y**2/2 - 4*y + 38. What is the units digit of h(-7)?
5
Suppose r + 3 = -0, 0 = 4*o + 2*r - 1914. What is the tens digit of o?
8
Let w = -81 + 270. Suppose w = 5*k - 11. What is the tens digit of k?
4
Suppose d - 43 = -5*n, -3*n = -2*n - 2*d - 2. Let l(r) = -r**3 + 7*r**2 + 9*r - 7. Let g be l(n). What is the units digit of (g*-2)/(10/(-55))?
1
Let k = -217 - -529. What is the units digit of k?
2
Let t(l) = l**2 - 4*l - 1. Let b be t(5). Suppose s - 2*n - b = 35, n - 117 = -3*s. What is the units digit of s?
9
Let m = 50 + -23. Suppose 3*y - m = 4*z, -3*z = -3*y + 12 + 15. Let w = -4 + y. What is the units digit of w?
5
Suppose -19 = 4*d - t + 1, t = 0. Let o = d - -42. What is the tens digit of o?
3
Suppose -7 + 6 = w. Let s be (63/36)/(w/(-68)). Let o = -60 + s. What is the tens digit of o?
5
Let q = -1 + -2. What is the tens digit of (-62)/q - 4/6?
2
Suppose -15*h = -7*h - 1624. What is the hundreds digit of h?
2
Let k(x) = 129*x**2 + 18*x + 45. What is the hundreds digit of k(-3)?
1
Let f(g) = 9*g - 18. Let l be f(6). Suppose -10*m = -14*m - l. What is the units digit of ((-1)/1)/(m/387)?
3
Suppose 3*p = 4*p. Let h(f) = -1 + 7*f - 3*f - 7 + p*f. What is the tens digit of h(8)?
2
Suppose -11 + 5 = -2*g. Suppose 2*j = -7 - g, 2*j + 690 = 5*q. What is the hundreds digit of q?
1
Suppose -3 = 3*a, 6*y - 3*y - 5*a - 17 = 0. Let v(d) = -2*d**2 - 2*d - 1. Let u be v(-1). Let j = y - u. What is the units digit of j?
5
Suppose 16*y - y - 2580 = 0. What is the tens digit of y?
7
Let g = -27 - -49. Let w(s) = s + 2. Let z be w(2). Suppose -k = 3*r + 2*r + 3, -3*r = z*k - g. What is the units digit of k?
7
Let m = 1247 - 717. What is the units digit of m?
0
Let v(d) = 253*d + 30. Let a be v(4). Suppose 5*o = a - 67. What is the tens digit of o?
9
Suppose -17 = -2*n - 7, 0 = -2*b + 5*n + 157. What is the units digit of b?
1
Suppose -2*p - 7 = z, 5*z + 2 = -5*p - 8. Suppose 0*t + 3*t = z*c - 297, 3*t + 3 = 0. What is the tens digit of c?
9
Let g = 136 + -85. Let c = 80 - g. What is the tens digit of c?
2
Let g = 73 - 15. Suppose -g - 50 = -n. What is the units digit of n?
8
Let m = -3108 - -5951. What is the thousands digit of m?
2
What is the hundreds digit of (-111)/(-148) - 2849/(-4)?
7
Suppose 3*o - 27 + 7 = -v, -5*o = -3*v - 10. Suppose 175 = 3*s - 4*f - 54, 0 = -v*s - 2*f + 373. What is the tens digit of s?
7
Let l be (-18)/15*820/(-6). Let f = -107 + l. Suppose -f = -u - 2*u. What is the tens digit of u?
1
Let s(k) = k**3 + 3*k**2 + 2*k - 3. Let a be s(-3). Let h = 33 + a. Suppose 0 = -t + 71 - h. What is the units digit of t?
7
Suppose -2*f + 0*q = 3*q + 29, 0 = f - 4*q + 9. Let a = f + 21. What is the units digit of a?
8
Suppose 0 = s - 5*u - 9, s - 4 = -s - 4*u. Suppose -11 = -5*b + s. What is the units digit of b?
3
Let u be (-48)/5*(-10)/3. Suppose -12 = -4*w - u. Let q = w + 7. What is the units digit of q?
2
Let g(v) be the second derivative of v**4/12 + 2*v**3/3 - 7*v**2/2 - 39*v. Let a(u) = u**2 + 7*u + 4. Let f be a(-4). What is the tens digit of g(f)?
2
Let u = 857 + -518. What is the hundreds digit of u?
3
Suppose -v = -3*u + 12676, -14*v + 11*v = -3*u + 12678. What is the thousands digit of u?
4
Let o(h) = 5*h - 6. Let v be o(3). Let c(q) = -q**2 + 9*q + 13. What is the tens digit of c(v)?
1
Let j = -7 + -2. Let i = j + 10. What is the units digit of 14 + 2 + (0 - i)?
5
Let y be (-2 + (-81)/(-6))*-2. Let d = 52 + y. What is the units digit of d?
9
Let x(y) be the first derivative of 7*y**3/3 - y**2/2 + 13*y - 12. What is the units digit of x(4)?
1
What is the thousands digit of ((-231)/(-14))/11*826?
1
Suppose 424*l = 427*l - 543. What is the units digit of l?
1
Let w(j) = 18*j**3 + 5 + 4*j**2 - 2*j**3 - 9*j + 4*j. What is the hundreds digit of w(2)?
1
Suppose -3*w + 65 = -28. Let o = w - 25. What is the tens digit of o/15 - (-406)/10?
4
Suppose -5*b = -c - 26296 + 7678, -2*c + 11163 = 3*b. What is the hundreds digit of b?
7
Let a be ((-2)/3)/((-18)/189). Suppose -a*u + 1141 = -35. What is the units digit of u?
8
Let z = -3472 + 5031. Suppose 10*b - z = -329. What is the units digit of b?
3
Let g(d) = -3*d**3 + 2*d**2 - 8*d - 1. What is the units digit of g(-4)?
5
Let k = -114 - -286. Suppose -5*g = v + 264, 4*v = 3*g - 6*g - k. What is the units digit of (1 - (-6)/(-4))*g?
6
Let j(m) = 32*m + 41. What is the units digit of j(13)?
7
Let x = -86 - -87. Let d(o) = 116*o + 5. What is the hundreds digit of d(x)?
1
Let c(f) = -4*f. Let j(g) = -18*g + 3. Let s(w) = -20*c(w) + 4*j(w). What is the units digit of s(12)?
8
Suppose -p = 3*p - 40. Let t = p + -1. What is the units digit of t?
9
Let v(g) = -7*g**3 + 8*g**2 + 7*g + 5. What is the units digit of v(-2)?
9
Suppose -29*s + 44*s - 10800 = 0. What is the tens digit of s?
2
Let b be (54/(-63))/(2/(-14)). Let r be 232/b - (-4)/12. Let o = r - 13. What is the tens digit of o?
2
Let p = -1556 + 2475. What is the tens digit of p?
1
Suppose 0 = -22*i + 46*i - 4416. What is the hundreds digit of i?
1
Let o(m) = 358*m + 75. What is the tens digit of o(9)?
9
Let g = -718 + 1727. What is the thousands digit of g?
1
Let r be (33/(-9) - -4)*-6. What is the units digit of 12 - (r - 2 - 0)?
6
Suppose 3*h + 52 - 19 = 0. Let o(p) = -p**2 - 7*p + 17. Let j(m) = -m**2 - 8*m + 16. Let k(x) = 3*j(x) - 2*o(x). What is the units digit of k(h)?
3
Suppose 30*z - 756 = 21*z. What is the tens digit of z?
8
Let l(t) be the third derivative of t**4/24 + 10*t**3/3 + 3*t**2. Suppose 3*d + 5*x = 2*d + 18, -2*x - 63 = -5*d. What is the tens digit of l(d)?
3
Suppose 0 = -t + i + 9, i - 16 = t - 5*t. Suppose -24*h + 21*h + 27 = 0. Suppose t*k = h*k - 100. What is the tens digit of k?
2
Let p = 77 - -126. Let b = p + -122. What is the tens digit of b?
8
Let z(f) = -f**3 + 2*f**2 + 3*f - 3. Let s be z(-3). Suppose -w + s = -111. What is the tens digit of w?
4
Let t(j) = -j**3 + 13*j + 18. Let v be t(-3). Let h(o) = 7*o**2 + o + 1. Let k be h(3). What is the units digit of k + (-8)/v*3?
3
Let t = 6 - 1. Suppose 0 = -2*j + t + 3. Suppose -48 - 4 = -3*m + 2*k, -k = -j*m + 66. What is the tens digit of m?
1
Suppose 0 = 13*m - 19*m + 7062. What is the thousands digit of m?
1
Suppose -5015 = -7*i + 10217. What is the thousands digit of i?
2
Suppose -h - 18*y + 23*y - 1 = 0, 8 = 3*h - 4*y. Let u(j) = -3 - 3 + j + j**2 + 2*j. What is the units digit of u(h)?
2
What is the hundreds digit of 1/5 + (-48975)/(-125)?
3
Let b(q) = 0*q + 209 - 209 + q. Let i be b(3). Suppose 0 = i*u + 7 - 91. What is the tens digit of u?
2
Let c(i) = 7*i - 11. Let t(u) = 22*u - 32. Let f(m) = 7*c(m) - 2*t(m). What is the tens digit of f(7)?
2
Let p = 3 + 1. Suppose 3*u + 72 = 87. Suppose -4*s - 2*h = -254, -u*s + 345 = h - p*h. What is the tens digit of s?
6
Let y = 642 + -374. What is the units digit of y?
8
Let d = -13 - -18. What is the units digit of (-4)/5 + 474/d?
4
Suppose 56*i - 26*i = 14280. What is the units digit of i?
6
Let d = -1207 - -2674. What is the units digit of d?
7
Let f = -153 - -67. What is the tens digit of (f/(-6))/((-40)/6 - -7)?
4
Suppose b + 0*b - x = -102, b + 2*x + 105 = 0. Let q = b - -190. What is the units digit of q?
7
Let y(h) = 2*h**3 + 8*h**2 + 15*h - 7. Let f(b) = b**3 - b**2 + b - 1. Let i(s) = 3*f(s) - y(s). Let o be i(12). What is the units digit of 27/o - 5/(-20)?
7
Suppose -33468 = -5*o - 2208. What is the hundreds digit of o?
2
Let y be ((-168)/(-40))/(1/5). Let t be 5*(y/15 + -1). Suppose -2*c - 2*p = -106, -20 - 236 = -5*c - t*p. What is the tens digit of c?
5
Let p(c) = c**2 - 10*c + 9. Let x be p(9). Let i(u) = u + 3. Let l be i(x). Suppose 5*o - 56 = l*o. What is the tens digit of o?
2
Suppose 3*c - 4 + 16 = 0. Let b(p) = 0*p**2 - 3*p + 8*p**2 + 2*p - 7*p**2 - 6. What is the units digit of b(c)?
4
Suppose -i = -6504 + 1782. What is the hundreds digit of i?
7
What is the thousands digit of (51 - -1641)*(2/3 + 0)?
1
Suppose 4*q - 7 = 9. Let f = -1 + q. Suppose f*d = -4*a + 157, 2*d = -2*a + 16 + 60. What is the tens digit of a?
4
Let o(w) = -w**2 - 11*w - 1. Let z be o(5). Let r = z + 93